 of u(m). Calculate f(5).
-2
Let n(w) = -w**3 + 5*w**2 - 2*w + 4. Let j(b) = -310*b**2 + 5*b + 6. Let r be j(-1). Let p = -304 - r. Give n(p).
-6
Let v(x) = x**3 + x**2 - 9*x**2 + x**2 + 6*x + 5. Let d be (3 - (-20)/(-12)) + (1265/(-15))/(-23). Give v(d).
-15
Let b(q) = -27*q**2 + 126*q + 7. Let m(w) = 56*w**2 - 212*w - 16. Let g(t) = 5*b(t) + 2*m(t). Determine g(9).
-6
Let m(g) = g**2 + 2*g - 11. Let d(f) = -2. Let h(r) = 10*d(r) - m(r). Calculate h(5).
-44
Let d(k) be the third derivative of k**5/30 + k**4/24 - k**3/6 - 13*k**2 + 138. Calculate d(0).
-1
Let y = -1 + 3. Suppose -40 = 64*u - 187*u + 1190. Let w(a) = -15*a**y - 1 + 5*a**2 + 11 + a - u*a - a**3. Determine w(-9).
10
Let a(v) = -5*v**2 + 30*v - 2. Let g(n) = -748*n - 2986. Let y be g(-4). Determine a(y).
-2
Let f(p) = -132*p + 126*p + 38*p - 5. What is f(2)?
59
Let k(b) be the first derivative of b**4/4 + 10*b**3/3 + b**2/2 + 5*b - 10625. Suppose 0 = 3*s - 5*s - 20. Give k(s).
-5
Let j(r) be the first derivative of 5*r**2/2 - 41*r + 561. Give j(8).
-1
Let q = -10 - -13. Let x be 18/(-5) - ((-26)/10 + q). Let l(s) = -12*s - 3. Let y(f) = 5*f + 2. Let m(u) = 2*l(u) + 5*y(u). Calculate m(x).
0
Suppose 9*n = 4*n. Let x = 48 + -41. Let k(g) = -7*g**2 + 13 + x*g**2 - 6 - g - g**2. Determine k(n).
7
Let q be 3/(1 + (0 - 0)). Let o(d) be the second derivative of d**3/2 - d**2/2 + 3580*d. Calculate o(q).
8
Let j(c) = c**3 - 6*c**2 + 3*c - 10. Suppose k + 0 = 3*x - 10, -x - 5*k = -30. Calculate j(x).
-20
Let r(y) = 3*y + 4. Let u(q) = 13*q + 16. Let w(k) = 9*r(k) - 2*u(k). Let i(x) = x**2 + 20*x - 267. Let t be i(-29). Determine w(t).
-2
Let x(i) = -9*i + 22. Let v be x(3). Let l(j) = 6*j**2 + 11. Let c(u) = -7*u**2 - u - 14. Let y(b) = v*l(b) - 4*c(b). What is y(4)?
-15
Let o(c) be the first derivative of c**3/3 - 6*c**2 + 17*c - 4. Let y = -59155 + 59165. Determine o(y).
-3
Let x(n) = -4*n**2 + 19*n - 5. Let l be (273 - (11 - 2)) + 0. Suppose -55*f + l = 44. Give x(f).
7
Let w(h) = h**2 - 30*h + 110. Let b(u) = u**3 + 38*u**2 - 92*u - 454. Let o be b(-40). Calculate w(o).
6
Let m(j) = 0*j**2 - 5 - 7*j + 2*j**2 - j**2 - 2*j**2. Let c(l) = -l**2 + 157*l - 6110. Let n be c(86). What is m(n)?
7
Let s = 36 + -32. Let m(q) = 37*q**2 - 6*q - 76*q**2 + 7*q + 37*q**2 - 4 + 5*q. Calculate m(s).
-12
Let t be (-4)/10 - (-182)/(-70). Let p = -11 - t. Let a(i) be the first derivative of -i**4/4 - 3*i**3 - 11*i**2/2 - 9*i + 1967. Give a(p).
15
Let w(q) = 67*q**2 - 317*q + 4. Let f(h) = -11*h**2 + 52*h. Let o(j) = 6*f(j) + w(j). Let u be 3/(0 - -1) - 0. Calculate o(u).
-2
Let i(w) be the first derivative of -7*w**3/3 + w**2 + 3*w + 2. Let a(t) = -t**3 - 37*t**2 + 777*t - 158. Let p be a(-52). Determine i(p).
-29
Let j(v) be the first derivative of v**6/120 - v**5/15 - 5*v**4/24 + 34*v**2 + 32. Let i(a) be the second derivative of j(a). What is i(5)?
0
Let h(t) = -t**2 + 2*t - 3. Let a be h(2). Let s be (60/(-18))/(25/30). Let c be (3 + s)*2 + a. Let x(z) = z**2 + 3*z - 7. Determine x(c).
3
Let i(j) = j**2 - 6*j - 3. Let h = 10 + 9. Suppose -3*q - 5*r = -37 + 6, -5*r + h = 2*q. Suppose 0 = -5*u - 3*x + q + 19, -4*u = -3*x - 14. What is i(u)?
-8
Let l(o) = -5*o**3 - o**2 - 23*o - 4. Let q(g) = -6*g**3 - g**2 - 29*g - 4. Let s(j) = 5*l(j) - 4*q(j). Give s(3).
-37
Let l(u) = u**3 - 2*u**2 + 4*u - 3. Let w be l(2). Let t be (10 + -6)*5/(-2). Let q = w + t. Let p(j) = j**2 + 3*j - 1. Calculate p(q).
9
Let t(d) = -2*d + 10. Let n be t(4). Let f(w) = -13*w**n + 36*w**2 - 9*w**2 - 6*w + 6 - 13*w**2. What is f(5)?
1
Suppose -94*q - 3 = -91*q + 5*g, -4*g = -3*q - 3. Let t(x) = -11*x**2 + 4*x + 2. Calculate t(q).
-13
Let p(v) = v**3 + v**2 + 2*v + 2. Let w be p(0). Suppose 11*g - 9*g = 4*s + w, 5*g + 3*s = -21. Let u(n) = -3*n - 2*n**2 - 4*n + n**2 - 1. Give u(g).
11
Let q be 4/(-46) + (-940)/(-230). Suppose 3*x - 5*x = -5*g + 8, q*g - 3*x - 12 = 0. Let z(n) = -n**3 + n**2 - 3*n + 3. Calculate z(g).
3
Let i(j) be the first derivative of -j**5/60 + 5*j**4/24 + j**3/2 - 15*j**2 + j - 86. Let q(f) be the second derivative of i(f). What is q(6)?
-3
Let f(r) be the third derivative of -r**6/120 + 17*r**5/30 + 31*r**4/24 + 51*r**3/2 + 262*r**2 + 3*r. Give f(35).
13
Let f(v) = -7*v - 132. Let a(h) = h**3 - 3*h**2 + 18*h - 158. Let l be a(5). Determine f(l).
-6
Let g(o) be the second derivative of o**5/20 + o**4/2 - o**3/2 + 3*o**2/2 + 228*o. Suppose -3*y - 35 = 2*y. What is g(y)?
-25
Let j be 3/(2/(2/1)). Suppose -j*i = -2*i - 4. Let f(v) be the third derivative of -v**6/120 + v**5/60 + 5*v**4/24 + v**3/3 + 16*v**2 + v + 218. What is f(i)?
-26
Let c = 29 - 32. Let n(g) = g**2 + 3*g - 4. Let l be n(c). Let v(x) = -18*x**2 + 1 - x**3 + 1 - 4*x - 11*x**2 + 24*x**2. What is v(l)?
2
Let x(o) = 10*o**2 - 13*o - 10. Let a be x(-1). Let y(f) be the second derivative of -1/6*f**3 + 0 + 0*f**2 - a*f. Calculate y(-4).
4
Let h(g) = -17*g**3 + 5*g**2 - g + 1. Let m(z) = -21*z**3 + 6*z**2 - z + 1. Let u(n) = -6*h(n) + 5*m(n). Suppose 10*i + 2 = 12*i. Determine u(i).
-3
Let j(k) = 2*k - 1. Let r(x) = -4*x + 2. Let t(o) = 11*j(o) + 6*r(o). Let f(d) = 7*d + d**2 - 2954 + 2951 + 0*d. Let m be f(-7). Give t(m).
7
Let u(g) = -2 - 3 + 34*g**2 + 33*g**2 - 6*g - 66*g**2 - 2. Let n = 8 - 9. Let s = 7 + n. Give u(s).
-7
Let n(p) = -32*p**3 + 6*p**2 + 12*p - 28. Let d(w) = 16*w**3 - 3*w**2 - 7*w + 15. Let a(c) = -9*d(c) - 5*n(c). What is a(-1)?
-17
Let a(r) = -1311*r - 9 + 658*r + 651*r + 0. Calculate a(-13).
17
Let r(p) = -p**2 - 4*p + 3. Suppose 34*w - 37*w - f + 171 = 0, -5*f = -3*w + 135. Let v(b) = -b - 5. Let s be v(-6). Suppose -9*h = w - s. Determine r(h).
-9
Let b(h) = h**3 - 5*h**2 + h + 4. Suppose 11*g - 15*g - 508 = 0. Let x = -75 - g. Let n = -49 + x. Give b(n).
-11
Let t(b) = 6*b**2 + 34*b - 6. Suppose 8*j + 28 = 2*j - 2*x, 5*j - x = -34. Determine t(j).
6
Let i(h) be the first derivative of h**3/3 + 3*h**2 - 6*h + 16. Let o be (10 - 4 - 16) + 4. Determine i(o).
-6
Let q(z) be the second derivative of 1/6*z**3 + 1/12*z**4 + 0*z**2 + 0 + 46*z. Give q(-4).
12
Let h(y) = 2*y**2 + 14*y - 18. Let p = -34169 - -34161. Give h(p).
-2
Let v(a) = 13*a**3 - 8*a**2 - 16*a + 27. Let n(g) = 15*g**3 - 10*g**2 - 16*g + 29. Let q(j) = 6*n(j) - 7*v(j). Give q(-8).
113
Let k(d) = -3*d - 9. Let p(h) = 2*h**2 + 11*h + 4. Let n be p(-16). Let g = n + -333. Calculate k(g).
-30
Suppose 0 = -4*z - 16, -148 = -5*g + z + 156. Let p = -127 - -186. Let m = g - p. Let b(h) = h**2 - 2*h + 1. Determine b(m).
0
Let m(t) = -26*t**3 - 4*t**2 + 9*t + 15. Let r(y) = 29*y**3 + 4*y**2 - 10*y - 17. Let l(j) = -10*m(j) - 9*r(j). Determine l(0).
3
Let i = -752 - -765. Let j(g) = -4*g + 48. What is j(i)?
-4
Let c(z) = -z + 12. Let h be c(5). Let v(u) = -5*u - 1. Let q be (69/9 - 3) + (-6)/9. Let k(m) = 4*m - 1. Let s(t) = q*v(t) + 6*k(t). Give s(h).
18
Let c(w) = 27*w + 10. Let k(b) = 14*b + 6. Let s(i) = 3*c(i) - 5*k(i). Let y(j) = 10*j - 1. Let t = 20 + -14. Let g(h) = t*y(h) - 5*s(h). Determine g(5).
19
Let g(n) = -80*n**2 + 75*n**2 + 2 - 11403*n + 10*n**3 + 11401*n. What is g(1)?
5
Let s(f) = 3*f**3 - 4*f**2 + 3*f + 2. Let c(l) = 2*l**3 + l**2 + 1. Let p(v) = 2*c(v) - s(v). Let w(x) = 4*x + 10. Let r be w(-4). Determine p(r).
18
Let a(c) be the second derivative of -c**3/6 - c**2/2 - 4856*c. Let g = -2 - 5. Let v = -12 - g. Give a(v).
4
Let r be (-1 - -3)*(-22)/4. Let q(d) = 470*d**3 + 46*d**2 - 11*d - 14. Let h(p) = -217*p**3 - 22*p**2 + 6*p + 7. Let o(k) = 13*h(k) + 6*q(k). Give o(r).
-4
Let n(u) = u + 1. Let b(c) = 10*c - 4. Let r be 1/((2 + -6)/4). Let a be b(r). Let o be ((2/3)/2)/(a/(-210)). Give n(o).
6
Let x be (-44 + (-7257)/(-164))*(1 - 5). Suppose -2*n - 3*n = -5. Let d(o) = n + 2*o**3 + 2 - 3. Give d(x).
-2
Let v(t) = 13*t**2 + 8*t + 14. Let k(i) = 38 - 11 + 24*i**2 - 26*i + 43*i. Let n(j) = 6*k(j) - 11*v(j). Calculate n(-9).
-37
Let z(n) = -n**3 - 3*n**2 - n - 1. Suppose 3*m = 3*w + w - 37, -4*w = m + 23. Let a = -12 - m. Let l = a - 6. Give z(l).
2
Let m(f) = 2*f**3 + 55*f**2 + 21*f - 157. Let u be m(-27). Let h(r) = r**3 - 5*r**2 + 2*r - 12. What is h(u)?
-2
Let v(w) be the second derivative of w**3 + 20*w**2 - 657*w - 1. Calculate v(-5).
10
Suppose -53*s + 745 - 1646 = 0. Let b(g) = -g**3 - 18*g**2 - 11*g + 61. Give b(s).
-41
Let m(r) = -r**3 + 10*r**2